{"id":81,"date":"2016-05-05T22:56:35","date_gmt":"2016-05-05T22:56:35","guid":{"rendered":"https:\/\/benemeritatrail.wordpress.com\/?page_id=81"},"modified":"2016-05-05T22:56:35","modified_gmt":"2016-05-05T22:56:35","slug":"parque-natural-sierra-de-huetor","status":"publish","type":"page","link":"https:\/\/benemeritatrail.es\/novedades\/parque-natural-sierra-de-huetor\/","title":{"rendered":"Parque Natural Sierra de Huetor"},"content":{"rendered":"<p style=\"text-align:justify;\">En el centro de la provincia de Granada, y a escasos 20 kil\u00f3metros de la capital, se encuentra el Parque Natural Sierra de Hu\u00e9tor. Un conjunto de sierras de media altura, donde se alternan estrechos barrancos, arroyos, tajos y calares que forman un relieve complejo debido a la naturaleza caliza del terreno que determina la abundancia de formaciones k\u00e1rsticas. En ellas, el agua se filtra hasta las entra\u00f1as de la monta\u00f1a originando galer\u00edas y cuevas donde se acumula, como ocurre en la conocida Cueva del Agua. Posteriormente, emanar\u00e1 en forma de manantiales como sucede en Fuente Grande. Dos de los r\u00edos que recorren estos parajes son el Darro y el Fardes, donde en este \u00faltimo existe trucha com\u00fan y se ha convertido en un lugar de reuni\u00f3n para los aficionados a la pesca deportiva.<\/p>\n<p style=\"text-align:justify;\">Uno de los principales atractivos de este parque natural es su facilidad de acceso, as\u00ed como las numerosas pistas forestales que lo recorren, haciendo de \u00e9l uno de los espacios naturales m\u00e1s visitados de la geograf\u00eda granadina.<\/p>\n<p style=\"text-align:justify;\">Pinares, encinares, quejigales, zonas de matorral y bosques de ribera componen un valioso mosaico donde encuentran abrigo una gran variedad de especies, muchas de ellas de un gran inter\u00e9s de conservaci\u00f3n, como raros endemismos bot\u00e1nicos o especies emblem\u00e1ticas y amenazadas como la cabra mont\u00e9s o el \u00e1guila real.<\/p>\n<p style=\"text-align:justify;\">El Parque Natural Sierra de Hu\u00e9tor cuenta con muchos otros alicientes aparte de su valiosa naturaleza, ya que es un lugar con un rico pasado hist\u00f3rico-cultural, especialmente gracias a su inestimable legado musulm\u00e1n junto con el inconfundible sabor serrano de los pueblos de su entorno: Alfacar, Beas de Granada, Cogollos Vega, Diezma, Hu\u00e9tor Santill\u00e1n, N\u00edvar y V\u00edznar.<\/p>\n<p style=\"text-align:justify;\">De la cultura \u00e1rabe se conservan legados como acequias, alquer\u00edas o los ba\u00f1os \u00e1rabes de Cogollos Vega, mientras que en el pueblo de V\u00edznar se puede visitar el neocl\u00e1sico Palacio del Cuzco, declarado Monumento Nacional. Diezma es un estupendo mirador de Sierra Nevada. Este lugar permite el disfrute de los aficionados a la fotograf\u00eda, ya que desde aqu\u00ed se captan unas bellas panor\u00e1micas de la sierra vecina. Tambi\u00e9n se podr\u00e1n identificar en vuelo apareces como el \u00e1guila real, cuyo majestuoso vuelo resulta inconfundible. Para reponer fuerzas, hay que degustar la gastronom\u00eda t\u00edpica del lugar, desde el tradicional pan de Alfacar, el exquisito alimoje con bacalao o las famosas gachas con miel.<\/p>\n<p style=\"text-align:justify;\">Vestigio de la historia reciente son las numerosas trincheras construidas durante la Guerra Civil Espa\u00f1ola, aut\u00e9nticos miradores naturales desde donde se divisa las mejores panor\u00e1micas de este espacio.<\/p>\n<h6>Fuente: <a href=\"http:\/\/www.juntadeandalucia.es\/medioambiente\/servtc5\/ventana\/mostrarFicha.do;jsessionid=EB3892EA294FF2EB2EA3466147AB81F4?idEspacio=7417\" target=\"_blank\">Parque Natural Sierra de Hu\u00e9tor. Junta de Andaluc\u00eda<\/a><\/h6>\n<div id=\"attachment_85\" style=\"width: 660px\" class=\"wp-caption alignnone\"><img  title=\"\" aria-describedby=\"caption-attachment-85\" decoding=\"async\" loading=\"lazy\" class=\"alignnone size-full wp-image-85\" src=\"http:\/\/benemeritatrail.es\/wp-content\/uploads\/2016\/05\/parque-sierra-huetor2.jpg\"  alt=\"parque-sierra-huetor2 Parque Natural Sierra de Huetor\"  width=\"650\" height=\"406\" srcset=\"https:\/\/benemeritatrail.es\/wp-content\/uploads\/2016\/05\/parque-sierra-huetor2.jpg 650w, https:\/\/benemeritatrail.es\/wp-content\/uploads\/2016\/05\/parque-sierra-huetor2-300x187.jpg 300w\" sizes=\"(max-width: 650px) 100vw, 650px\" \/><p id=\"caption-attachment-85\" class=\"wp-caption-text\">Vista de Sierra Nevada desde el Parque natural Sierra de Hu\u00e9tor<\/p><\/div>\n","protected":false},"excerpt":{"rendered":"<p>En el centro de la provincia de Granada, y a escasos 20 kil\u00f3metros de la capital, se encuentra el Parque Natural Sierra de Hu\u00e9tor. Un conjunto de sierras de media altura, donde se alternan estrechos barrancos, arroyos, tajos y calares que forman un relieve complejo debido a la naturaleza caliza del terreno que determina la<\/p><\/div>\n<div class=\"blog-btn\"><a href=\"https:\/\/benemeritatrail.es\/novedades\/parque-natural-sierra-de-huetor\/\" class=\"home-blog-btn\">Leer m\u00e1s<\/a><\/p>\n","protected":false},"author":2,"featured_media":0,"parent":0,"menu_order":0,"comment_status":"closed","ping_status":"closed","template":"","meta":{"_eb_attr":"","sfsi_plus_gutenberg_text_before_share":"","sfsi_plus_gutenberg_show_text_before_share":"","sfsi_plus_gutenberg_icon_type":"","sfsi_plus_gutenberg_icon_alignemt":"","sfsi_plus_gutenburg_max_per_row":""},"_links":{"self":[{"href":"https:\/\/benemeritatrail.es\/novedades\/wp-json\/wp\/v2\/pages\/81"}],"collection":[{"href":"https:\/\/benemeritatrail.es\/novedades\/wp-json\/wp\/v2\/pages"}],"about":[{"href":"https:\/\/benemeritatrail.es\/novedades\/wp-json\/wp\/v2\/types\/page"}],"author":[{"embeddable":true,"href":"https:\/\/benemeritatrail.es\/novedades\/wp-json\/wp\/v2\/users\/2"}],"replies":[{"embeddable":true,"href":"https:\/\/benemeritatrail.es\/novedades\/wp-json\/wp\/v2\/comments?post=81"}],"version-history":[{"count":0,"href":"https:\/\/benemeritatrail.es\/novedades\/wp-json\/wp\/v2\/pages\/81\/revisions"}],"wp:attachment":[{"href":"https:\/\/benemeritatrail.es\/novedades\/wp-json\/wp\/v2\/media?parent=81"}],"curies":[{"name":"wp","href":"https:\/\/api.w.org\/{rel}","templated":true}]}}